{"id":13055,"date":"2015-05-15T10:05:43","date_gmt":"2015-05-15T08:05:43","guid":{"rendered":"http:\/\/www.lucky-wave.eu\/shop\/?post_type=product&#038;p=13055"},"modified":"2020-11-02T13:36:16","modified_gmt":"2020-11-02T12:36:16","slug":"blue-dynamic-545-156-033","status":"publish","type":"product","link":"https:\/\/www.lucky-wave.eu\/shop\/proizvod\/blue-dynamic-545-156-033\/","title":{"rendered":"Blue Dynamic 545 156 033"},"content":{"rendered":"<p><a class=\"dt-single-image\" href=\"http:\/\/www.lucky-wave.eu\/shop\/wp-content\/uploads\/2015\/05\/545156033dd.jpg\" data-dt-img-description=\"\"><img loading=\"lazy\" decoding=\"async\" class=\"alignnone size-full wp-image-13056\" src=\"http:\/\/www.lucky-wave.eu\/shop\/wp-content\/uploads\/2015\/05\/545156033dd.jpg\" alt=\"545156033dd\" width=\"250\" height=\"226\" \/><\/a><\/p>\n<p>&nbsp;<\/p>\n<p><span class=\"product-box\">Za potpunu pouzdanost i bezbri\u017enost, serija Blue Dynamic nudi dodatnu snagu pokretanja i dr\u017ei korak s va\u0161im pretrpanim rasporedom. Omogu\u0107uje kontinuirano visoke performanse na dulje vremenske periode.<\/span><\/p>\n<p>Klju\u010dne prednosti<br \/>\n\u2022 \u010cista proizvodnja \u2013 s 20% manjom potro\u0161njom energije i 20% ni\u017eom emisijom stakleni\u010dkih plinova.<br \/>\n\u2022 Poma\u017ee sa\u010duvati okoli\u0161 sa recikliranjem ecosteps\u00ae<br \/>\n\u2022 Tehnologija re\u0161etke PowerFrame\u00ae za jaku snagu pokretanja<br \/>\n\u2022 Osmi\u0161ljeno sukladno s najvi\u0161im europskim standardima<\/p>\n","protected":false},"excerpt":{"rendered":"<table class=\"specs\" cellspacing=\"0\" cellpadding=\"0\">\n<tbody>\n<tr>\n<td colspan=\"2\">\n<h2>Podaci o izvedbi<\/h2>\n<\/td>\n<\/tr>\n<tr>\n<td class=\"title\">napon:<\/td>\n<td class=\"value\">12<\/td>\n<\/tr>\n<tr>\n<td class=\"title\">kapacitet:<\/td>\n<td class=\"value\">45<\/td>\n<\/tr>\n<tr>\n<td class=\"title\">Hladno cranking amper::<\/td>\n<td class=\"value\">330 A<\/td>\n<\/tr>\n<\/tbody>\n<\/table>\n<hr \/>\n<table class=\"specs\" cellspacing=\"0\" cellpadding=\"0\">\n<tbody>\n<tr>\n<td colspan=\"2\">\n<h2>Fizi\u010dke osobine<\/h2>\n<\/td>\n<\/tr>\n<tr>\n<td class=\"title\">Slu\u010daj Veli\u010dina:<\/td>\n<td class=\"value\">B24R<\/td>\n<\/tr>\n<tr>\n<td class=\"title\">te\u017eina:<\/td>\n<td class=\"value\">11 kg<\/td>\n<\/tr>\n<tr>\n<td class=\"title\">Du\u017eina:<\/td>\n<td class=\"value\">238 mm<\/td>\n<\/tr>\n<tr>\n<td class=\"title\">\u0161irina:<\/td>\n<td class=\"value\">129 mm<\/td>\n<\/tr>\n<tr>\n<td class=\"title\">visina:<\/td>\n<td class=\"value\">227 mm<\/td>\n<\/tr>\n<\/tbody>\n<\/table>\n","protected":false},"featured_media":13056,"template":"","meta":[],"product_cat":[77],"product_tag":[],"yoast_head":"<!-- This site is optimized with the Yoast SEO plugin v22.2 - https:\/\/yoast.com\/wordpress\/plugins\/seo\/ -->\n<title>Blue Dynamic 545 156 033 - VARTA START &#8226; Lucky Wave Shop<\/title>\n<meta name=\"robots\" content=\"index, follow, max-snippet:-1, max-image-preview:large, max-video-preview:-1\" \/>\n<link rel=\"canonical\" href=\"https:\/\/www.lucky-wave.eu\/shop\/proizvod\/blue-dynamic-545-156-033\/\" \/>\n<meta property=\"og:locale\" content=\"hr_HR\" \/>\n<meta property=\"og:type\" content=\"article\" \/>\n<meta property=\"og:title\" content=\"Blue Dynamic 545 156 033 - VARTA START &#8226; Lucky Wave Shop\" \/>\n<meta property=\"og:description\" content=\"Podaci o izvedbi    napon: 12   kapacitet: 45   Hladno cranking amper:: 330 A           Fizi\u010dke osobine    Slu\u010daj Veli\u010dina: B24R   te\u017eina: 11 kg   Du\u017eina: 238 mm   \u0161irina: 129 mm   visina: 227 mm\" \/>\n<meta property=\"og:url\" content=\"https:\/\/www.lucky-wave.eu\/shop\/proizvod\/blue-dynamic-545-156-033\/\" \/>\n<meta property=\"og:site_name\" content=\"Lucky Wave Shop\" \/>\n<meta property=\"article:publisher\" content=\"https:\/\/www.facebook.com\/p\/Lucky-Wave-100063622320484\/\" \/>\n<meta property=\"article:modified_time\" content=\"2020-11-02T12:36:16+00:00\" \/>\n<meta property=\"og:image\" content=\"https:\/\/www.lucky-wave.eu\/shop\/wp-content\/uploads\/2015\/05\/545156033dd.jpg\" \/>\n\t<meta property=\"og:image:width\" content=\"250\" \/>\n\t<meta property=\"og:image:height\" content=\"226\" \/>\n\t<meta property=\"og:image:type\" content=\"image\/jpeg\" \/>\n<meta name=\"twitter:card\" content=\"summary_large_image\" \/>\n<script type=\"application\/ld+json\" class=\"yoast-schema-graph\">{\"@context\":\"https:\/\/schema.org\",\"@graph\":[{\"@type\":\"WebPage\",\"@id\":\"https:\/\/www.lucky-wave.eu\/shop\/proizvod\/blue-dynamic-545-156-033\/\",\"url\":\"https:\/\/www.lucky-wave.eu\/shop\/proizvod\/blue-dynamic-545-156-033\/\",\"name\":\"Blue Dynamic 545 156 033 - VARTA START &#8226; Lucky Wave Shop\",\"isPartOf\":{\"@id\":\"https:\/\/www.lucky-wave.eu\/shop\/#website\"},\"primaryImageOfPage\":{\"@id\":\"https:\/\/www.lucky-wave.eu\/shop\/proizvod\/blue-dynamic-545-156-033\/#primaryimage\"},\"image\":{\"@id\":\"https:\/\/www.lucky-wave.eu\/shop\/proizvod\/blue-dynamic-545-156-033\/#primaryimage\"},\"thumbnailUrl\":\"https:\/\/www.lucky-wave.eu\/shop\/wp-content\/uploads\/2015\/05\/545156033dd.jpg\",\"datePublished\":\"2015-05-15T08:05:43+00:00\",\"dateModified\":\"2020-11-02T12:36:16+00:00\",\"breadcrumb\":{\"@id\":\"https:\/\/www.lucky-wave.eu\/shop\/proizvod\/blue-dynamic-545-156-033\/#breadcrumb\"},\"inLanguage\":\"hr\",\"potentialAction\":[{\"@type\":\"ReadAction\",\"target\":[\"https:\/\/www.lucky-wave.eu\/shop\/proizvod\/blue-dynamic-545-156-033\/\"]}]},{\"@type\":\"ImageObject\",\"inLanguage\":\"hr\",\"@id\":\"https:\/\/www.lucky-wave.eu\/shop\/proizvod\/blue-dynamic-545-156-033\/#primaryimage\",\"url\":\"https:\/\/www.lucky-wave.eu\/shop\/wp-content\/uploads\/2015\/05\/545156033dd.jpg\",\"contentUrl\":\"https:\/\/www.lucky-wave.eu\/shop\/wp-content\/uploads\/2015\/05\/545156033dd.jpg\",\"width\":250,\"height\":226},{\"@type\":\"BreadcrumbList\",\"@id\":\"https:\/\/www.lucky-wave.eu\/shop\/proizvod\/blue-dynamic-545-156-033\/#breadcrumb\",\"itemListElement\":[{\"@type\":\"ListItem\",\"position\":1,\"name\":\"Po\u010detna stranica\",\"item\":\"https:\/\/www.lucky-wave.eu\/shop\/\"},{\"@type\":\"ListItem\",\"position\":2,\"name\":\"Trgovina\",\"item\":\"https:\/\/www.lucky-wave.eu\/shop\/trgovina\/\"},{\"@type\":\"ListItem\",\"position\":3,\"name\":\"Blue Dynamic 545 156 033\"}]},{\"@type\":\"WebSite\",\"@id\":\"https:\/\/www.lucky-wave.eu\/shop\/#website\",\"url\":\"https:\/\/www.lucky-wave.eu\/shop\/\",\"name\":\"Lucky Wave Shop\",\"description\":\"Prodaja nauti\u010dke opreme, brodskih ure\u0111aja, generatora, akumulatora (baterija), prodaja brodova, jedrilica.\",\"potentialAction\":[{\"@type\":\"SearchAction\",\"target\":{\"@type\":\"EntryPoint\",\"urlTemplate\":\"https:\/\/www.lucky-wave.eu\/shop\/?s={search_term_string}\"},\"query-input\":\"required name=search_term_string\"}],\"inLanguage\":\"hr\"}]}<\/script>\n<!-- \/ Yoast SEO plugin. -->","yoast_head_json":{"title":"Blue Dynamic 545 156 033 - VARTA START &#8226; Lucky Wave Shop","robots":{"index":"index","follow":"follow","max-snippet":"max-snippet:-1","max-image-preview":"max-image-preview:large","max-video-preview":"max-video-preview:-1"},"canonical":"https:\/\/www.lucky-wave.eu\/shop\/proizvod\/blue-dynamic-545-156-033\/","og_locale":"hr_HR","og_type":"article","og_title":"Blue Dynamic 545 156 033 - VARTA START &#8226; Lucky Wave Shop","og_description":"Podaci o izvedbi    napon: 12   kapacitet: 45   Hladno cranking amper:: 330 A           Fizi\u010dke osobine    Slu\u010daj Veli\u010dina: B24R   te\u017eina: 11 kg   Du\u017eina: 238 mm   \u0161irina: 129 mm   visina: 227 mm","og_url":"https:\/\/www.lucky-wave.eu\/shop\/proizvod\/blue-dynamic-545-156-033\/","og_site_name":"Lucky Wave Shop","article_publisher":"https:\/\/www.facebook.com\/p\/Lucky-Wave-100063622320484\/","article_modified_time":"2020-11-02T12:36:16+00:00","og_image":[{"width":250,"height":226,"url":"https:\/\/www.lucky-wave.eu\/shop\/wp-content\/uploads\/2015\/05\/545156033dd.jpg","type":"image\/jpeg"}],"twitter_card":"summary_large_image","schema":{"@context":"https:\/\/schema.org","@graph":[{"@type":"WebPage","@id":"https:\/\/www.lucky-wave.eu\/shop\/proizvod\/blue-dynamic-545-156-033\/","url":"https:\/\/www.lucky-wave.eu\/shop\/proizvod\/blue-dynamic-545-156-033\/","name":"Blue Dynamic 545 156 033 - VARTA START &#8226; Lucky Wave Shop","isPartOf":{"@id":"https:\/\/www.lucky-wave.eu\/shop\/#website"},"primaryImageOfPage":{"@id":"https:\/\/www.lucky-wave.eu\/shop\/proizvod\/blue-dynamic-545-156-033\/#primaryimage"},"image":{"@id":"https:\/\/www.lucky-wave.eu\/shop\/proizvod\/blue-dynamic-545-156-033\/#primaryimage"},"thumbnailUrl":"https:\/\/www.lucky-wave.eu\/shop\/wp-content\/uploads\/2015\/05\/545156033dd.jpg","datePublished":"2015-05-15T08:05:43+00:00","dateModified":"2020-11-02T12:36:16+00:00","breadcrumb":{"@id":"https:\/\/www.lucky-wave.eu\/shop\/proizvod\/blue-dynamic-545-156-033\/#breadcrumb"},"inLanguage":"hr","potentialAction":[{"@type":"ReadAction","target":["https:\/\/www.lucky-wave.eu\/shop\/proizvod\/blue-dynamic-545-156-033\/"]}]},{"@type":"ImageObject","inLanguage":"hr","@id":"https:\/\/www.lucky-wave.eu\/shop\/proizvod\/blue-dynamic-545-156-033\/#primaryimage","url":"https:\/\/www.lucky-wave.eu\/shop\/wp-content\/uploads\/2015\/05\/545156033dd.jpg","contentUrl":"https:\/\/www.lucky-wave.eu\/shop\/wp-content\/uploads\/2015\/05\/545156033dd.jpg","width":250,"height":226},{"@type":"BreadcrumbList","@id":"https:\/\/www.lucky-wave.eu\/shop\/proizvod\/blue-dynamic-545-156-033\/#breadcrumb","itemListElement":[{"@type":"ListItem","position":1,"name":"Po\u010detna stranica","item":"https:\/\/www.lucky-wave.eu\/shop\/"},{"@type":"ListItem","position":2,"name":"Trgovina","item":"https:\/\/www.lucky-wave.eu\/shop\/trgovina\/"},{"@type":"ListItem","position":3,"name":"Blue Dynamic 545 156 033"}]},{"@type":"WebSite","@id":"https:\/\/www.lucky-wave.eu\/shop\/#website","url":"https:\/\/www.lucky-wave.eu\/shop\/","name":"Lucky Wave Shop","description":"Prodaja nauti\u010dke opreme, brodskih ure\u0111aja, generatora, akumulatora (baterija), prodaja brodova, jedrilica.","potentialAction":[{"@type":"SearchAction","target":{"@type":"EntryPoint","urlTemplate":"https:\/\/www.lucky-wave.eu\/shop\/?s={search_term_string}"},"query-input":"required name=search_term_string"}],"inLanguage":"hr"}]}},"_links":{"self":[{"href":"https:\/\/www.lucky-wave.eu\/shop\/wp-json\/wp\/v2\/product\/13055"}],"collection":[{"href":"https:\/\/www.lucky-wave.eu\/shop\/wp-json\/wp\/v2\/product"}],"about":[{"href":"https:\/\/www.lucky-wave.eu\/shop\/wp-json\/wp\/v2\/types\/product"}],"wp:featuredmedia":[{"embeddable":true,"href":"https:\/\/www.lucky-wave.eu\/shop\/wp-json\/wp\/v2\/media\/13056"}],"wp:attachment":[{"href":"https:\/\/www.lucky-wave.eu\/shop\/wp-json\/wp\/v2\/media?parent=13055"}],"wp:term":[{"taxonomy":"product_cat","embeddable":true,"href":"https:\/\/www.lucky-wave.eu\/shop\/wp-json\/wp\/v2\/product_cat?post=13055"},{"taxonomy":"product_tag","embeddable":true,"href":"https:\/\/www.lucky-wave.eu\/shop\/wp-json\/wp\/v2\/product_tag?post=13055"}],"curies":[{"name":"wp","href":"https:\/\/api.w.org\/{rel}","templated":true}]}}